s the tens digit of q?
8
Let l = 11 + -11. Suppose l = u - 4, -3*r = -r + 5*u - 62. What is the tens digit of r?
2
Suppose -12*i + 14*i - 128 = 0. What is the units digit of i?
4
Suppose -4*m - g + 26 = 0, 5*g = -3*m + 3*g + 22. Let u(n) = n**3 - n - 5 - m*n**2 + n**3 - 3*n**3. What is the units digit of u(-6)?
1
Let a be (-1 - 11)*3/(-4). Let g = a + 4. What is the tens digit of g?
1
Suppose 2*y - 8 = 72. Suppose 0 = -a + 6*a + 2*j - 50, -2*j = 4*a - y. What is the tens digit of a?
1
Suppose -q - 4*q + 70 = 0. What is the units digit of q?
4
Suppose 0 = -4*r + 53 - 5. Suppose 5 = l - r. What is the units digit of l?
7
Let n(j) = 2*j**2 + 4*j - 5. Let x be n(-5). Let r = x + -15. Suppose -r = -5*v - 0*v. What is the units digit of v?
2
Suppose 34 = o - 3*h + 9, -4*o + 151 = 5*h. What is the tens digit of o?
3
Suppose -s + 175 = 24. What is the tens digit of s?
5
Let c be ((-10)/(-6))/((-2)/(-6)). Suppose 4*a = 3*o - 11, -c*a + 6 - 31 = -5*o. What is the units digit of o?
9
Let x = 769 - 533. Suppose -4*r = -5*h + 240 + 51, -4*r - x = -4*h. What is the units digit of h?
5
Suppose -4*q = -7*q + 36. What is the tens digit of q?
1
Let q(o) = 23*o**2 + o + 1. What is the units digit of q(-4)?
5
Let r = -7 - -7. Suppose r = -3*z + 40 - 1. What is the units digit of z?
3
Let t = 12 - 8. Suppose v = 2*v - t. Suppose -d = 5*k - v*k - 9, -5*k - 2*d = -33. What is the units digit of k?
5
Let g = 0 - -2. Suppose -3*v - 4*u = -2*v + 7, -6 = -g*v - 3*u. What is the units digit of v?
9
Let r(z) = 29*z - 17. What is the tens digit of r(2)?
4
Let u(f) = 27*f**2 + 9*f + 5. What is the tens digit of u(-3)?
2
Let j(c) = 167*c + 12. What is the tens digit of j(2)?
4
Let x be (-69)/9*(1 - -2). Let h(r) = -r**2 - 3*r + 3. Let m be h(3). Let v = m - x. What is the units digit of v?
8
Let j = -14 - -14. Suppose -2 = -a - 4. What is the units digit of 0 - j - a*4?
8
Let o(k) = -k**2 - 4*k. Let w be o(-5). Let t(x) = x + 7. What is the units digit of t(w)?
2
Let t(g) = -g**3 + 3*g**2 + 5*g + 1. Let q be t(4). Suppose -5*b = -3*m - 97, -q*m - 24 = -b - 9. Suppose o + 4*o - b = 0. What is the units digit of o?
4
Let w be 5 + (-1 - 2) + -6. Let r(l) = l**2 - 3*l - 5. What is the units digit of r(w)?
3
What is the units digit of ((-16)/(-32))/(2/168)?
2
Let i = 79 - -108. What is the hundreds digit of i?
1
Let o(h) = h**3 - h**2 + 9. Suppose a - 4 = -3*t + 1, 4*t - 15 = -3*a. What is the units digit of o(t)?
9
Let k be (15/4)/((-5)/(-20)). Let s be (-30)/(-4) - (-1)/(-2). Let v = k - s. What is the units digit of v?
8
Let y = -21 + 31. What is the units digit of 10 - 5/(y/4)?
8
Let j(o) = -4*o**3 + 2*o + 1. Let n be j(-1). Suppose n*c + 3 = -6. What is the units digit of 2 - (6/3 + c)?
3
Let g(s) be the second derivative of 5*s**3/6 + s**2/2 + s. What is the units digit of g(3)?
6
Suppose 111 = 5*m + 3*a, 0*m + 4*m - 99 = a. What is the units digit of m?
4
Suppose -2*f - 2 = 4, -17 = -2*s + 5*f. Let z(b) = 24*b**3 + b**2 - 1. Let r be z(s). Suppose -3*j = -6*j + r. What is the units digit of j?
8
Suppose 2*x + 6 - 2 = 0. What is the units digit of -2*(3/x + -1)?
5
Suppose 30 = -d + 3*d. Suppose -d = -0*i - 3*i. Suppose r - 6 + i = 0. What is the units digit of r?
1
Let s(z) = -2*z + 10. Let m be s(0). Suppose 5*c = -4*x - 16, -2*x = -x + 5*c + 4. Let r = m - x. What is the units digit of r?
4
Let b(a) = -2*a**2 - 5*a - 9. Let v be b(-4). Let s = 55 + v. What is the tens digit of s?
3
Suppose 4*b - 7 = 29. What is the units digit of b?
9
Let i = 132 - 62. What is the tens digit of i?
7
Suppose v = -f + 2, 5*v - 17 = -0*v + 2*f. Suppose 2*b + v = 5. What is the units digit of b?
1
Suppose 2*n - 3*m + 2 = -6*m, 8 = 3*n - m. Let q(i) = 4 - 1 + 10*i**n - 4. What is the units digit of q(-1)?
9
Suppose p - 3*p = -24. Suppose 0 = 4*z - 5*z + 1. Let f = p - z. What is the units digit of f?
1
Let s(h) = h + 2. Let u be s(5). Suppose u*r = 9*r - 28. What is the units digit of r?
4
Let h = 8 - 19. Let f = h + 29. What is the tens digit of f?
1
What is the tens digit of 2*-2*7/(-56)*54?
2
Let j be 1/((-2)/(-12)*2). Suppose 0 = -p + j*p. Suppose p = -x + g + 12, g = -3 + 1. What is the units digit of x?
0
Let p(z) = z**3 - 6*z**2 - 6*z - 8. Let d be p(7). Let j be d*2 - (-64)/(-2). What is the units digit of j/(-8) - (-3)/(-12)?
4
Suppose -4*f = 4*z - 8, 3*z - 2*f + 8 = 7*z. Suppose 0 = y + 4*g - 6, -3*y - z*y + 5*g = -5. What is the units digit of y?
2
Suppose 5*k + 3*j + 17 = 52, 4*j = -4*k + 36. Suppose k*w + 2 = 18. Suppose 28 = 3*z - w*g, -3*z + 0*z = 5*g + 8. What is the units digit of z?
4
Let l(o) = -2*o**3 + 6*o**2 + o. Let a = 5 + -2. Let q(i) = 3*i**3 - 6*i**2 - 2*i - 1. Let b(m) = a*q(m) + 4*l(m). What is the units digit of b(-6)?
9
Suppose r - 1 = -0. Suppose 3*s = -4*j + 7, -3*j + 4*s = -0 + r. What is the units digit of j?
1
Suppose 14 + 2 = 4*a. Suppose 10 = a*t + 2*s, -t + 3 = -s + 2. What is the units digit of t?
2
Suppose 6*f - 2*h - 204 = 5*f, -4*h = -f + 200. What is the tens digit of f?
0
What is the tens digit of ((-384)/20)/(4/(240/(-9)))?
2
Suppose -847 - 35 = -6*n. What is the tens digit of n?
4
Suppose 5*k + 5*l = -5, -2*k = -0*l - l - 10. Let f = k + 4. What is the units digit of f?
7
What is the tens digit of ((-8 - -5) + 4)*127?
2
Suppose 3*n + 48 = n. Let z be (-4)/(-10) + n/(-15). Suppose -4*k + 7 = -u, u - 20 = -z*k - 3*k. What is the units digit of u?
5
Let o = -1 - -3. Suppose -18 = o*f - 58. Suppose -4*k - 4 + f = 0. What is the units digit of k?
4
Let a(v) = v**2 - 2*v - 4. What is the units digit of a(9)?
9
Suppose 2*v - 3*n = 422, v - 1076 = -4*v - 3*n. What is the hundreds digit of v?
2
Let u = 3 - -49. What is the tens digit of u?
5
Let i be 1/((-2)/(-4)) + -5. What is the units digit of i/((-15)/(-2))*-5?
2
What is the units digit of (-3)/(240/81 + -3)?
1
Suppose -2*w - 1 - 3 = 0. Let d be (-1 - (-1 + w)) + 2. Let s = d + 1. What is the units digit of s?
5
Let f(s) = s**2 - 7*s + 4. Suppose 0 = -0*g - 3*g + 15. Suppose -18 = -g*k + 22. What is the tens digit of f(k)?
1
Suppose 6*t - 9 = 3*t. Suppose 2*r - 4*l = 3*r - 1, 2*l = -2*r + 2. Let z = t - r. What is the units digit of z?
2
Let f(t) = 6*t**3 + 2*t**2 - 2*t + 2. What is the tens digit of f(2)?
5
Let n = -32 - -64. What is the units digit of n?
2
Suppose -4*r = -45 + 13. Suppose 0*p - 10 = -2*p. Let d = r - p. What is the units digit of d?
3
Suppose -88 = 2*u + 4*i, 0 = -u + 3*u - 4*i + 48. Let x = -1 - u. What is the tens digit of x?
3
Let s(k) = -3*k + 1. What is the tens digit of s(-7)?
2
What is the units digit of (-34)/(-6) + (-8)/12?
5
Let q(a) = 12*a**2 + a + 1. Suppose -8 = -5*x + 22. Let m = x - 7. What is the units digit of q(m)?
2
Let p = 10 + -5. Suppose -8 = -t - 5*o + 17, -4*o = p*t - 125. Suppose -j - 4*j = -t. What is the units digit of j?
5
Let t = -130 - -235. What is the tens digit of t?
0
Let y = -19 + 34. What is the tens digit of y?
1
What is the units digit of (174/2)/((-6)/(-4))?
8
Suppose 2*i + 0*i - 6 = 0. Suppose 0 = -4*w + i + 17. What is the units digit of w?
5
Suppose x + 53 = 262. What is the hundreds digit of x?
2
Suppose 4 = -5*f + 3*f. Let h = -3 + f. Let w = h - -6. What is the units digit of w?
1
Suppose 8 = -5*l + 3. What is the tens digit of l/(-2) - 90/(-4)?
2
Let d = 6 + -2. Let p(q) = 0*q**2 + d + q**2 + q - 5*q. What is the units digit of p(3)?
1
Let h be (4/2)/(8/(-16)). Let p(o) = -o + 5 - o + 3*o. What is the units digit of p(h)?
1
Let u(g) = -g**3 + 8*g**2 - g + 11. Suppose 0 = -5*y - 10, -c + 5*y = -0 - 14. Suppose -4*d = -4*f - 16, -c*d + 2*f = 3*f - 36. What is the units digit of u(d)?
3
Let c(h) = -h**2 + 10*h + 5. Let p be 4/(-10) - (-94)/10. What is the tens digit of c(p)?
1
Suppose -4*q + 0 = -4. What is the units digit of q?
1
Suppose -4*k + 5*l - 12 = 0, -4*k + 2*l = -0*l. Suppose -3*m - k*m = -25. Let o = m + -2. What is the units digit of o?
3
Let v(i) = -i**3 - 2*i**2 - 2*i + 1. Let m be v(-2). Let f(w) be the first derivative of -w**4/4 + 5*w**3/3 + w**2 - 6*w + 1. What is the units digit of f(m)?
4
Let b be (-8)/(2*-2) + 16. Suppose 5*q - 3*q - b = 0. What is the units digit of q?
9
Let g = -2 - -4. Suppose 5*k + h - 71 = 0, 3*h + g*h + 65 = 3*k. What is the units digit of k?
5
Let b = -10 - -14. Suppose -8 = -3*j - 5*q + 26, 